{"id":48,"date":"2020-09-02T17:47:55","date_gmt":"2020-09-02T17:47:55","guid":{"rendered":"https:\/\/xn--tamara-sprgin-4ob.de\/?page_id=48"},"modified":"2025-09-13T13:16:21","modified_gmt":"2025-09-13T13:16:21","slug":"ueber-mich","status":"publish","type":"page","link":"https:\/\/xn--tamara-sprgin-4ob.de\/home\/ueber-mich\/","title":{"rendered":"\u00dcber Mich"},"content":{"rendered":"\t\t<div data-elementor-type=\"wp-page\" data-elementor-id=\"48\" class=\"elementor elementor-48\" data-elementor-post-type=\"page\">\n\t\t\t\t\t\t<section class=\"elementor-section elementor-top-section elementor-element elementor-element-d4c8053 elementor-section-boxed elementor-section-height-default elementor-section-height-default\" data-id=\"d4c8053\" data-element_type=\"section\">\n\t\t\t\t\t\t<div class=\"elementor-container elementor-column-gap-default\">\n\t\t\t\t\t<div class=\"elementor-column elementor-col-100 elementor-top-column elementor-element elementor-element-802b02f\" data-id=\"802b02f\" data-element_type=\"column\">\n\t\t\t<div class=\"elementor-widget-wrap elementor-element-populated\">\n\t\t\t\t\t\t<div class=\"elementor-element elementor-element-987447e elementor-widget elementor-widget-image\" data-id=\"987447e\" data-element_type=\"widget\" data-widget_type=\"image.default\">\n\t\t\t\t<div class=\"elementor-widget-container\">\n\t\t\t\t\t\t\t\t\t\t\t\t\t\t\t<img decoding=\"async\" src=\"https:\/\/xn--tamara-sprgin-4ob.de\/wp-content\/uploads\/elementor\/thumbs\/Logo-clean-rbeh0lfzfzxu5e5dzuelsrd583e3iu1srjnu4ffr8y.png\" title=\"Logo clean\" alt=\"Logo clean\" loading=\"lazy\" \/>\t\t\t\t\t\t\t\t\t\t\t\t\t\t\t<\/div>\n\t\t\t\t<\/div>\n\t\t\t\t<div class=\"elementor-element elementor-element-6cadb96 elementor-nav-menu__align-center elementor-nav-menu--dropdown-tablet elementor-nav-menu__text-align-aside elementor-nav-menu--toggle elementor-nav-menu--burger elementor-widget elementor-widget-nav-menu\" data-id=\"6cadb96\" data-element_type=\"widget\" data-settings=\"{&quot;layout&quot;:&quot;horizontal&quot;,&quot;submenu_icon&quot;:{&quot;value&quot;:&quot;&lt;i class=\\&quot;fas fa-caret-down\\&quot;&gt;&lt;\\\/i&gt;&quot;,&quot;library&quot;:&quot;fa-solid&quot;},&quot;toggle&quot;:&quot;burger&quot;}\" data-widget_type=\"nav-menu.default\">\n\t\t\t\t<div class=\"elementor-widget-container\">\n\t\t\t\t\t\t\t\t<nav aria-label=\"Menu\" class=\"elementor-nav-menu--main elementor-nav-menu__container elementor-nav-menu--layout-horizontal e--pointer-underline e--animation-fade\">\n\t\t\t\t<ul id=\"menu-1-6cadb96\" class=\"elementor-nav-menu\"><li class=\"menu-item menu-item-type-post_type menu-item-object-page menu-item-home menu-item-1134\"><a href=\"https:\/\/xn--tamara-sprgin-4ob.de\/home\/\" class=\"elementor-item\">Home<\/a><\/li>\n<li class=\"menu-item menu-item-type-post_type menu-item-object-page menu-item-122\"><a href=\"https:\/\/xn--tamara-sprgin-4ob.de\/home\/ueber-mich\/\" class=\"elementor-item\">\u00dcber Mich<\/a><\/li>\n<li class=\"menu-item menu-item-type-post_type menu-item-object-page menu-item-has-children menu-item-66\"><a href=\"https:\/\/xn--tamara-sprgin-4ob.de\/home\/anwendungen\/\" class=\"elementor-item\">Anwendungen<\/a>\n<ul class=\"sub-menu elementor-nav-menu--dropdown\">\n\t<li class=\"menu-item menu-item-type-post_type menu-item-object-page menu-item-67\"><a href=\"https:\/\/xn--tamara-sprgin-4ob.de\/home\/massagen\/\" class=\"elementor-sub-item\">Massagen<\/a><\/li>\n\t<li class=\"menu-item menu-item-type-post_type menu-item-object-page menu-item-1375\"><a href=\"https:\/\/xn--tamara-sprgin-4ob.de\/home\/klangschalen\/\" class=\"elementor-sub-item\">Klangschalen<\/a><\/li>\n\t<li class=\"menu-item menu-item-type-post_type menu-item-object-page menu-item-68\"><a href=\"https:\/\/xn--tamara-sprgin-4ob.de\/home\/reiki\/\" class=\"elementor-sub-item\">Reiki<\/a><\/li>\n\t<li class=\"menu-item menu-item-type-post_type menu-item-object-page menu-item-1374\"><a href=\"https:\/\/xn--tamara-sprgin-4ob.de\/home\/liebscher-bracht\/\" class=\"elementor-sub-item\">Liebscher &#038; Bracht<\/a><\/li>\n\t<li class=\"menu-item menu-item-type-post_type menu-item-object-page menu-item-1402\"><a href=\"https:\/\/xn--tamara-sprgin-4ob.de\/home\/kinesiotape\/\" class=\"elementor-sub-item\">Kinesiotape<\/a><\/li>\n\t<li class=\"menu-item menu-item-type-post_type menu-item-object-page menu-item-1934\"><a href=\"https:\/\/xn--tamara-sprgin-4ob.de\/home\/hotstone\/\" class=\"elementor-sub-item\">Hot Stone<\/a><\/li>\n<\/ul>\n<\/li>\n<li class=\"menu-item menu-item-type-post_type menu-item-object-page menu-item-69\"><a href=\"https:\/\/xn--tamara-sprgin-4ob.de\/home\/aktuelles\/\" class=\"elementor-item\">Aktuelles<\/a><\/li>\n<li class=\"menu-item menu-item-type-post_type menu-item-object-page menu-item-70\"><a href=\"https:\/\/xn--tamara-sprgin-4ob.de\/home\/gutscheine\/\" class=\"elementor-item\">Gutscheine<\/a><\/li>\n<li class=\"menu-item menu-item-type-post_type menu-item-object-page menu-item-809\"><a href=\"https:\/\/xn--tamara-sprgin-4ob.de\/home\/foto-galerie\/\" class=\"elementor-item\">Foto Galerie<\/a><\/li>\n<li class=\"menu-item menu-item-type-post_type menu-item-object-page menu-item-442\"><a href=\"https:\/\/xn--tamara-sprgin-4ob.de\/home\/gaestebuch\/\" class=\"elementor-item\">G\u00e4stebuch<\/a><\/li>\n<li class=\"menu-item menu-item-type-post_type menu-item-object-page menu-item-71\"><a href=\"https:\/\/xn--tamara-sprgin-4ob.de\/home\/kontakt\/\" class=\"elementor-item\">Kontakt<\/a><\/li>\n<li class=\"menu-item menu-item-type-post_type menu-item-object-page menu-item-503\"><a href=\"https:\/\/xn--tamara-sprgin-4ob.de\/home\/agb\/\" class=\"elementor-item\">AGB<\/a><\/li>\n<\/ul>\t\t\t<\/nav>\n\t\t\t\t\t<div class=\"elementor-menu-toggle\" role=\"button\" tabindex=\"0\" aria-label=\"Menu Toggle\" aria-expanded=\"false\">\n\t\t\t<i aria-hidden=\"true\" role=\"presentation\" class=\"elementor-menu-toggle__icon--open eicon-menu-bar\"><\/i><i aria-hidden=\"true\" role=\"presentation\" class=\"elementor-menu-toggle__icon--close eicon-close\"><\/i>\t\t<\/div>\n\t\t\t\t\t<nav class=\"elementor-nav-menu--dropdown elementor-nav-menu__container\" aria-hidden=\"true\">\n\t\t\t\t<ul id=\"menu-2-6cadb96\" class=\"elementor-nav-menu\"><li class=\"menu-item menu-item-type-post_type menu-item-object-page menu-item-home menu-item-1134\"><a href=\"https:\/\/xn--tamara-sprgin-4ob.de\/home\/\" class=\"elementor-item\" tabindex=\"-1\">Home<\/a><\/li>\n<li class=\"menu-item menu-item-type-post_type menu-item-object-page menu-item-122\"><a href=\"https:\/\/xn--tamara-sprgin-4ob.de\/home\/ueber-mich\/\" class=\"elementor-item\" tabindex=\"-1\">\u00dcber Mich<\/a><\/li>\n<li class=\"menu-item menu-item-type-post_type menu-item-object-page menu-item-has-children menu-item-66\"><a href=\"https:\/\/xn--tamara-sprgin-4ob.de\/home\/anwendungen\/\" class=\"elementor-item\" tabindex=\"-1\">Anwendungen<\/a>\n<ul class=\"sub-menu elementor-nav-menu--dropdown\">\n\t<li class=\"menu-item menu-item-type-post_type menu-item-object-page menu-item-67\"><a href=\"https:\/\/xn--tamara-sprgin-4ob.de\/home\/massagen\/\" class=\"elementor-sub-item\" tabindex=\"-1\">Massagen<\/a><\/li>\n\t<li class=\"menu-item menu-item-type-post_type menu-item-object-page menu-item-1375\"><a href=\"https:\/\/xn--tamara-sprgin-4ob.de\/home\/klangschalen\/\" class=\"elementor-sub-item\" tabindex=\"-1\">Klangschalen<\/a><\/li>\n\t<li class=\"menu-item menu-item-type-post_type menu-item-object-page menu-item-68\"><a href=\"https:\/\/xn--tamara-sprgin-4ob.de\/home\/reiki\/\" class=\"elementor-sub-item\" tabindex=\"-1\">Reiki<\/a><\/li>\n\t<li class=\"menu-item menu-item-type-post_type menu-item-object-page menu-item-1374\"><a href=\"https:\/\/xn--tamara-sprgin-4ob.de\/home\/liebscher-bracht\/\" class=\"elementor-sub-item\" tabindex=\"-1\">Liebscher &#038; Bracht<\/a><\/li>\n\t<li class=\"menu-item menu-item-type-post_type menu-item-object-page menu-item-1402\"><a href=\"https:\/\/xn--tamara-sprgin-4ob.de\/home\/kinesiotape\/\" class=\"elementor-sub-item\" tabindex=\"-1\">Kinesiotape<\/a><\/li>\n\t<li class=\"menu-item menu-item-type-post_type menu-item-object-page menu-item-1934\"><a href=\"https:\/\/xn--tamara-sprgin-4ob.de\/home\/hotstone\/\" class=\"elementor-sub-item\" tabindex=\"-1\">Hot Stone<\/a><\/li>\n<\/ul>\n<\/li>\n<li class=\"menu-item menu-item-type-post_type menu-item-object-page menu-item-69\"><a href=\"https:\/\/xn--tamara-sprgin-4ob.de\/home\/aktuelles\/\" class=\"elementor-item\" tabindex=\"-1\">Aktuelles<\/a><\/li>\n<li class=\"menu-item menu-item-type-post_type menu-item-object-page menu-item-70\"><a href=\"https:\/\/xn--tamara-sprgin-4ob.de\/home\/gutscheine\/\" class=\"elementor-item\" tabindex=\"-1\">Gutscheine<\/a><\/li>\n<li class=\"menu-item menu-item-type-post_type menu-item-object-page menu-item-809\"><a href=\"https:\/\/xn--tamara-sprgin-4ob.de\/home\/foto-galerie\/\" class=\"elementor-item\" tabindex=\"-1\">Foto Galerie<\/a><\/li>\n<li class=\"menu-item menu-item-type-post_type menu-item-object-page menu-item-442\"><a href=\"https:\/\/xn--tamara-sprgin-4ob.de\/home\/gaestebuch\/\" class=\"elementor-item\" tabindex=\"-1\">G\u00e4stebuch<\/a><\/li>\n<li class=\"menu-item menu-item-type-post_type menu-item-object-page menu-item-71\"><a href=\"https:\/\/xn--tamara-sprgin-4ob.de\/home\/kontakt\/\" class=\"elementor-item\" tabindex=\"-1\">Kontakt<\/a><\/li>\n<li class=\"menu-item menu-item-type-post_type menu-item-object-page menu-item-503\"><a href=\"https:\/\/xn--tamara-sprgin-4ob.de\/home\/agb\/\" class=\"elementor-item\" tabindex=\"-1\">AGB<\/a><\/li>\n<\/ul>\t\t\t<\/nav>\n\t\t\t\t\t\t<\/div>\n\t\t\t\t<\/div>\n\t\t\t\t<section class=\"elementor-section elementor-inner-section elementor-element elementor-element-a4fdac0 elementor-section-boxed elementor-section-height-default elementor-section-height-default\" data-id=\"a4fdac0\" data-element_type=\"section\">\n\t\t\t\t\t\t<div class=\"elementor-container elementor-column-gap-default\">\n\t\t\t\t\t<div class=\"elementor-column elementor-col-50 elementor-inner-column elementor-element elementor-element-e1f466c\" data-id=\"e1f466c\" data-element_type=\"column\">\n\t\t\t<div class=\"elementor-widget-wrap elementor-element-populated\">\n\t\t\t\t\t\t<div class=\"elementor-element elementor-element-098d8a4 animated-slow elementor-invisible elementor-widget elementor-widget-image\" data-id=\"098d8a4\" data-element_type=\"widget\" data-settings=\"{&quot;_animation&quot;:&quot;fadeIn&quot;,&quot;_animation_delay&quot;:500}\" data-widget_type=\"image.default\">\n\t\t\t\t<div class=\"elementor-widget-container\">\n\t\t\t\t\t\t\t\t\t\t\t\t\t\t\t<img fetchpriority=\"high\" decoding=\"async\" width=\"768\" height=\"768\" src=\"https:\/\/xn--tamara-sprgin-4ob.de\/wp-content\/uploads\/2025\/09\/Cosano_7065a_\u00a9alexjung-1-Tamara-768x768.jpg\" class=\"attachment-medium_large size-medium_large wp-image-1994\" alt=\"\" srcset=\"https:\/\/xn--tamara-sprgin-4ob.de\/wp-content\/uploads\/2025\/09\/Cosano_7065a_\u00a9alexjung-1-Tamara-768x768.jpg 768w, https:\/\/xn--tamara-sprgin-4ob.de\/wp-content\/uploads\/2025\/09\/Cosano_7065a_\u00a9alexjung-1-Tamara-300x300.jpg 300w, https:\/\/xn--tamara-sprgin-4ob.de\/wp-content\/uploads\/2025\/09\/Cosano_7065a_\u00a9alexjung-1-Tamara-1024x1024.jpg 1024w, https:\/\/xn--tamara-sprgin-4ob.de\/wp-content\/uploads\/2025\/09\/Cosano_7065a_\u00a9alexjung-1-Tamara-150x150.jpg 150w, https:\/\/xn--tamara-sprgin-4ob.de\/wp-content\/uploads\/2025\/09\/Cosano_7065a_\u00a9alexjung-1-Tamara-1536x1536.jpg 1536w, https:\/\/xn--tamara-sprgin-4ob.de\/wp-content\/uploads\/2025\/09\/Cosano_7065a_\u00a9alexjung-1-Tamara-2048x2048.jpg 2048w, https:\/\/xn--tamara-sprgin-4ob.de\/wp-content\/uploads\/2025\/09\/Cosano_7065a_\u00a9alexjung-1-Tamara-100x100.jpg 100w\" sizes=\"(max-width: 768px) 100vw, 768px\" \/>\t\t\t\t\t\t\t\t\t\t\t\t\t\t\t<\/div>\n\t\t\t\t<\/div>\n\t\t\t\t\t<\/div>\n\t\t<\/div>\n\t\t\t\t<div class=\"elementor-column elementor-col-50 elementor-inner-column elementor-element elementor-element-cfbccd1\" data-id=\"cfbccd1\" data-element_type=\"column\">\n\t\t\t<div class=\"elementor-widget-wrap elementor-element-populated\">\n\t\t\t\t\t\t<div class=\"elementor-element elementor-element-7a61896 animated-slow elementor-widget elementor-widget-heading\" data-id=\"7a61896\" data-element_type=\"widget\" data-settings=\"{&quot;_animation&quot;:&quot;none&quot;,&quot;_animation_delay&quot;:500}\" data-widget_type=\"heading.default\">\n\t\t\t\t<div class=\"elementor-widget-container\">\n\t\t\t\t\t<h2 class=\"elementor-heading-title elementor-size-xl\">\u00dcber Mich<\/h2>\t\t\t\t<\/div>\n\t\t\t\t<\/div>\n\t\t\t\t<div class=\"elementor-element elementor-element-0ed19e2 animated-slow elementor-widget elementor-widget-text-editor\" data-id=\"0ed19e2\" data-element_type=\"widget\" data-settings=\"{&quot;_animation&quot;:&quot;none&quot;,&quot;_animation_delay&quot;:700}\" data-widget_type=\"text-editor.default\">\n\t\t\t\t<div class=\"elementor-widget-container\">\n\t\t\t\t\t\t\t\t\t<p>Herzlich Willkommen auf meiner Seite! Ich bin Tamara Sp\u00fcrgin und habe meine zertifizierte Basis-Ausbildung bei der Ayurveda-Praxis-Freiburg absolviert. Meine Inspiration hierf\u00fcr waren meine vielen Aufenthalte in Indien und meine Einblicke in die indische und asiatische Heilkunst. Seitdem habe ich mich weitergebildet und die Kunst des Reiki (Grad 1) sowie Klangschalen und weitere Techniken erlernt.<\/p><p><br><\/p>\n<p><\/p>\n<p>Um Ihnen ein einzigartiges und unvergleichliches Erlebnis zu bieten, passen wir alle Massagen individuell an. Dadurch entstehen einzigartige Erlebnisse, die Ihnen helfen, entspannter und schmerzfreier in den Alltag zur\u00fcckzukehren.<\/p><p><br><\/p>\n<p><\/p>\n<p>G\u00f6nnen Sie sich Momente der Ruhe, Entspannung und Selbstf\u00fcrsorge. Sie werden es nicht bereuen!<\/p>\n<p><\/p>\n<p>Wir freuen uns auf Ihren Besuch.<\/p><p><br><\/p><p><br><\/p>\n<p><\/p>\n<p><img decoding=\"async\" src=\"https:\/\/xn--tamara-sprgin-4ob.de\/wp-content\/uploads\/2020\/09\/Unterschrift-300x51.png\" alt=\"\" width=\"271\" height=\"46\"><\/p>\t\t\t\t\t\t\t\t<\/div>\n\t\t\t\t<\/div>\n\t\t\t\t\t<\/div>\n\t\t<\/div>\n\t\t\t\t\t<\/div>\n\t\t<\/section>\n\t\t\t\t\t<\/div>\n\t\t<\/div>\n\t\t\t\t\t<\/div>\n\t\t<\/section>\n\t\t\t\t<section class=\"elementor-section elementor-top-section elementor-element elementor-element-93dfede elementor-section-boxed elementor-section-height-default elementor-section-height-default\" data-id=\"93dfede\" data-element_type=\"section\">\n\t\t\t\t\t\t<div class=\"elementor-container elementor-column-gap-default\">\n\t\t\t\t\t<div class=\"elementor-column elementor-col-100 elementor-top-column elementor-element elementor-element-827474d\" data-id=\"827474d\" data-element_type=\"column\">\n\t\t\t<div class=\"elementor-widget-wrap\">\n\t\t\t\t\t\t\t<\/div>\n\t\t<\/div>\n\t\t\t\t\t<\/div>\n\t\t<\/section>\n\t\t\t\t<section class=\"elementor-section elementor-top-section elementor-element elementor-element-2f20c23 elementor-section-boxed elementor-section-height-default elementor-section-height-default\" data-id=\"2f20c23\" data-element_type=\"section\">\n\t\t\t\t\t\t<div class=\"elementor-container elementor-column-gap-default\">\n\t\t\t\t\t<div class=\"elementor-column elementor-col-100 elementor-top-column elementor-element elementor-element-ec12baa\" data-id=\"ec12baa\" data-element_type=\"column\">\n\t\t\t<div class=\"elementor-widget-wrap elementor-element-populated\">\n\t\t\t\t\t\t<div class=\"elementor-element elementor-element-309a21e elementor-align-center elementor-widget elementor-widget-button\" data-id=\"309a21e\" data-element_type=\"widget\" data-settings=\"{&quot;_animation&quot;:&quot;none&quot;}\" data-widget_type=\"button.default\">\n\t\t\t\t<div class=\"elementor-widget-container\">\n\t\t\t\t\t\t\t\t\t<div class=\"elementor-button-wrapper\">\n\t\t\t\t\t<a class=\"elementor-button elementor-button-link elementor-size-sm\" href=\"https:\/\/xn--tamara-sprgin-4ob.de\/anwendungen\/\">\n\t\t\t\t\t\t<span class=\"elementor-button-content-wrapper\">\n\t\t\t\t\t\t\t\t\t<span class=\"elementor-button-text\">Weiter<\/span>\n\t\t\t\t\t<\/span>\n\t\t\t\t\t<\/a>\n\t\t\t\t<\/div>\n\t\t\t\t\t\t\t\t<\/div>\n\t\t\t\t<\/div>\n\t\t\t\t\t<\/div>\n\t\t<\/div>\n\t\t\t\t\t<\/div>\n\t\t<\/section>\n\t\t\t\t<section class=\"elementor-section elementor-top-section elementor-element elementor-element-515cfff elementor-section-boxed elementor-section-height-default elementor-section-height-default\" data-id=\"515cfff\" data-element_type=\"section\">\n\t\t\t\t\t\t<div class=\"elementor-container elementor-column-gap-default\">\n\t\t\t\t\t<div class=\"elementor-column elementor-col-100 elementor-top-column elementor-element elementor-element-37e80cc\" data-id=\"37e80cc\" data-element_type=\"column\">\n\t\t\t<div class=\"elementor-widget-wrap elementor-element-populated\">\n\t\t\t\t\t\t<div class=\"elementor-element elementor-element-d85f96e elementor-widget-divider--view-line elementor-widget elementor-widget-divider\" data-id=\"d85f96e\" data-element_type=\"widget\" data-widget_type=\"divider.default\">\n\t\t\t\t<div class=\"elementor-widget-container\">\n\t\t\t\t\t\t\t<div class=\"elementor-divider\">\n\t\t\t<span class=\"elementor-divider-separator\">\n\t\t\t\t\t\t<\/span>\n\t\t<\/div>\n\t\t\t\t\t\t<\/div>\n\t\t\t\t<\/div>\n\t\t\t\t\t<\/div>\n\t\t<\/div>\n\t\t\t\t\t<\/div>\n\t\t<\/section>\n\t\t\t\t<section class=\"elementor-section elementor-inner-section elementor-element elementor-element-5809a7c4 elementor-section-boxed elementor-section-height-default elementor-section-height-default\" data-id=\"5809a7c4\" data-element_type=\"section\">\n\t\t\t\t\t\t<div class=\"elementor-container elementor-column-gap-narrow\">\n\t\t\t\t\t<div class=\"elementor-column elementor-col-33 elementor-inner-column elementor-element elementor-element-52ea5590\" data-id=\"52ea5590\" data-element_type=\"column\">\n\t\t\t<div class=\"elementor-widget-wrap elementor-element-populated\">\n\t\t\t\t\t\t<div class=\"elementor-element elementor-element-22dad4a1 elementor-widget elementor-widget-image\" data-id=\"22dad4a1\" data-element_type=\"widget\" data-widget_type=\"image.default\">\n\t\t\t\t<div class=\"elementor-widget-container\">\n\t\t\t\t\t\t\t\t\t\t\t\t\t\t\t<img decoding=\"async\" src=\"https:\/\/xn--tamara-sprgin-4ob.de\/wp-content\/uploads\/elementor\/thumbs\/LOGO-Clean-rbp1zlhtacqqtmcf0q9bqbs6xpw8dynkqi0nyu2gmq.png\" title=\"LOGO Clean\" alt=\"LOGO Clean\" loading=\"lazy\" \/>\t\t\t\t\t\t\t\t\t\t\t\t\t\t\t<\/div>\n\t\t\t\t<\/div>\n\t\t\t\t<div class=\"elementor-element elementor-element-29ab5399 elementor-widget elementor-widget-text-editor\" data-id=\"29ab5399\" data-element_type=\"widget\" data-widget_type=\"text-editor.default\">\n\t\t\t\t<div class=\"elementor-widget-container\">\n\t\t\t\t\t\t\t\t\t<p>Lehmgrubenweg 3<br \/>D-79331 Teningen<br \/>Mobil: +49 172-3909445<br \/><span style=\"font-size: 1rem;\">Mail: <a href=\"mailto:ayurveda@tamara-spuergin.de\">ayurveda@tamara-spuergin.de<\/a><\/span><\/p><p>Web: <a href=\"http:\/\/tamara-sp\u00fcrgin.de\">www.Tamara-Sp\u00fcrgin.de<\/a><\/p>\t\t\t\t\t\t\t\t<\/div>\n\t\t\t\t<\/div>\n\t\t\t\t\t<\/div>\n\t\t<\/div>\n\t\t\t\t<div class=\"elementor-column elementor-col-33 elementor-inner-column elementor-element elementor-element-18d6997a\" data-id=\"18d6997a\" data-element_type=\"column\">\n\t\t\t<div class=\"elementor-widget-wrap elementor-element-populated\">\n\t\t\t\t\t\t<div class=\"elementor-element elementor-element-72eb17b6 elementor-shape-circle elementor-grid-0 e-grid-align-center elementor-widget elementor-widget-social-icons\" data-id=\"72eb17b6\" data-element_type=\"widget\" data-widget_type=\"social-icons.default\">\n\t\t\t\t<div class=\"elementor-widget-container\">\n\t\t\t\t\t\t\t<div class=\"elementor-social-icons-wrapper elementor-grid\" role=\"list\">\n\t\t\t\t\t\t\t<span class=\"elementor-grid-item\" role=\"listitem\">\n\t\t\t\t\t<a class=\"elementor-icon elementor-social-icon elementor-social-icon-facebook elementor-animation-pulse elementor-repeater-item-361b57b\" href=\"http:\/\/www.facebook.com\/tamara.spuergin.1\" target=\"_blank\">\n\t\t\t\t\t\t<span class=\"elementor-screen-only\">Facebook<\/span>\n\t\t\t\t\t\t<i class=\"fab fa-facebook\"><\/i>\t\t\t\t\t<\/a>\n\t\t\t\t<\/span>\n\t\t\t\t\t\t\t<span class=\"elementor-grid-item\" role=\"listitem\">\n\t\t\t\t\t<a class=\"elementor-icon elementor-social-icon elementor-social-icon-instagram elementor-animation-pulse elementor-repeater-item-681c812\" target=\"_blank\">\n\t\t\t\t\t\t<span class=\"elementor-screen-only\">Instagram<\/span>\n\t\t\t\t\t\t<i class=\"fab fa-instagram\"><\/i>\t\t\t\t\t<\/a>\n\t\t\t\t<\/span>\n\t\t\t\t\t\t\t<span class=\"elementor-grid-item\" role=\"listitem\">\n\t\t\t\t\t<a class=\"elementor-icon elementor-social-icon elementor-social-icon-whatsapp elementor-animation-pulse elementor-repeater-item-5ce69ac\" href=\"https:\/\/wa.me\/491723909445\" target=\"_blank\">\n\t\t\t\t\t\t<span class=\"elementor-screen-only\">Whatsapp<\/span>\n\t\t\t\t\t\t<i class=\"fab fa-whatsapp\"><\/i>\t\t\t\t\t<\/a>\n\t\t\t\t<\/span>\n\t\t\t\t\t\t\t<span class=\"elementor-grid-item\" role=\"listitem\">\n\t\t\t\t\t<a class=\"elementor-icon elementor-social-icon elementor-social-icon-envelope elementor-animation-pulse elementor-repeater-item-95a9fbc\" href=\"mailto:ayurveda@tamara-spuergin.de\" target=\"_blank\">\n\t\t\t\t\t\t<span class=\"elementor-screen-only\">Envelope<\/span>\n\t\t\t\t\t\t<i class=\"fas fa-envelope\"><\/i>\t\t\t\t\t<\/a>\n\t\t\t\t<\/span>\n\t\t\t\t\t<\/div>\n\t\t\t\t\t\t<\/div>\n\t\t\t\t<\/div>\n\t\t\t\t<div class=\"elementor-element elementor-element-35f17116 elementor-hidden-desktop elementor-hidden-tablet elementor-widget elementor-widget-text-editor\" data-id=\"35f17116\" data-element_type=\"widget\" data-widget_type=\"text-editor.default\">\n\t\t\t\t<div class=\"elementor-widget-container\">\n\t\t\t\t\t\t\t\t\t<p>\u00a9 copyright by T. Sp\u00fcrgin\u00a0<br \/><a href=\"https:\/\/xn--tamara-sprgin-4ob.de\/datenschutz\/\" rel=\"noopener\">Datenschutz<\/a>\u00a0\u00a0|\u00a0\u00a0<a href=\"https:\/\/xn--tamara-sprgin-4ob.de\/impressum\/\">Impressum<\/a><\/p>\t\t\t\t\t\t\t\t<\/div>\n\t\t\t\t<\/div>\n\t\t\t\t<div class=\"elementor-element elementor-element-77d52025 elementor-hidden-phone elementor-widget elementor-widget-spacer\" data-id=\"77d52025\" data-element_type=\"widget\" data-widget_type=\"spacer.default\">\n\t\t\t\t<div class=\"elementor-widget-container\">\n\t\t\t\t\t\t\t<div class=\"elementor-spacer\">\n\t\t\t<div class=\"elementor-spacer-inner\"><\/div>\n\t\t<\/div>\n\t\t\t\t\t\t<\/div>\n\t\t\t\t<\/div>\n\t\t\t\t<div class=\"elementor-element elementor-element-66d5d7a9 elementor-hidden-phone elementor-widget elementor-widget-text-editor\" data-id=\"66d5d7a9\" data-element_type=\"widget\" data-widget_type=\"text-editor.default\">\n\t\t\t\t<div class=\"elementor-widget-container\">\n\t\t\t\t\t\t\t\t\t<p>\u00a9 copyright 2022<\/p><p><a href=\"https:\/\/xn--tamara-sprgin-4ob.de\/datenschutz\/\" rel=\"noopener\">Datenschutz<\/a> | <a href=\"https:\/\/xn--tamara-sprgin-4ob.de\/impressum\/\">Impressum<\/a><\/p>\t\t\t\t\t\t\t\t<\/div>\n\t\t\t\t<\/div>\n\t\t\t\t\t<\/div>\n\t\t<\/div>\n\t\t\t\t<div class=\"elementor-column elementor-col-33 elementor-inner-column elementor-element elementor-element-3b0db161 elementor-hidden-phone\" data-id=\"3b0db161\" data-element_type=\"column\">\n\t\t\t<div class=\"elementor-widget-wrap elementor-element-populated\">\n\t\t\t\t\t\t<div class=\"elementor-element elementor-element-3088e5c0 elementor-widget elementor-widget-wp-widget-pages\" data-id=\"3088e5c0\" data-element_type=\"widget\" data-widget_type=\"wp-widget-pages.default\">\n\t\t\t\t<div class=\"elementor-widget-container\">\n\t\t\t\t\t<h5>Seiten:<\/h5><nav aria-label=\"Seiten:\">\n\t\t\t<ul>\n\t\t\t\t<li class=\"page_item page-item-32\"><a href=\"https:\/\/xn--tamara-sprgin-4ob.de\/home\/\">Home<\/a><\/li>\n<li class=\"page_item page-item-51\"><a href=\"https:\/\/xn--tamara-sprgin-4ob.de\/home\/anwendungen\/\">Anwendungen<\/a><\/li>\n<li class=\"page_item page-item-54\"><a href=\"https:\/\/xn--tamara-sprgin-4ob.de\/home\/aktuelles\/\">Aktuelles<\/a><\/li>\n<li class=\"page_item page-item-56\"><a href=\"https:\/\/xn--tamara-sprgin-4ob.de\/home\/kontakt\/\">Kontakt<\/a><\/li>\n<li class=\"page_item page-item-561\"><a href=\"https:\/\/xn--tamara-sprgin-4ob.de\/home\/agb-2\/\">AGB<\/a><\/li>\n\t\t\t<\/ul>\n\n\t\t\t<\/nav>\t\t\t\t<\/div>\n\t\t\t\t<\/div>\n\t\t\t\t\t<\/div>\n\t\t<\/div>\n\t\t\t\t\t<\/div>\n\t\t<\/section>\n\t\t\t\t<\/div>\n\t\t","protected":false},"excerpt":{"rendered":"<p>\u00dcber Mich Herzlich Willkommen auf meiner Seite! Ich bin Tamara Sp\u00fcrgin und habe meine zertifizierte Basis-Ausbildung bei der Ayurveda-Praxis-Freiburg absolviert. Meine Inspiration hierf\u00fcr waren meine vielen Aufenthalte in Indien und meine Einblicke in die indische und asiatische Heilkunst. Seitdem habe ich mich weitergebildet und die Kunst des Reiki (Grad 1) sowie Klangschalen und weitere Techniken [&hellip;]<\/p>\n","protected":false},"author":2,"featured_media":0,"parent":0,"menu_order":2,"comment_status":"closed","ping_status":"closed","template":"","meta":{"footnotes":""},"class_list":["post-48","page","type-page","status-publish","hentry"],"aioseo_notices":[],"_links":{"self":[{"href":"https:\/\/xn--tamara-sprgin-4ob.de\/home\/wp-json\/wp\/v2\/pages\/48","targetHints":{"allow":["GET"]}}],"collection":[{"href":"https:\/\/xn--tamara-sprgin-4ob.de\/home\/wp-json\/wp\/v2\/pages"}],"about":[{"href":"https:\/\/xn--tamara-sprgin-4ob.de\/home\/wp-json\/wp\/v2\/types\/page"}],"author":[{"embeddable":true,"href":"https:\/\/xn--tamara-sprgin-4ob.de\/home\/wp-json\/wp\/v2\/users\/2"}],"replies":[{"embeddable":true,"href":"https:\/\/xn--tamara-sprgin-4ob.de\/home\/wp-json\/wp\/v2\/comments?post=48"}],"version-history":[{"count":120,"href":"https:\/\/xn--tamara-sprgin-4ob.de\/home\/wp-json\/wp\/v2\/pages\/48\/revisions"}],"predecessor-version":[{"id":2711,"href":"https:\/\/xn--tamara-sprgin-4ob.de\/home\/wp-json\/wp\/v2\/pages\/48\/revisions\/2711"}],"wp:attachment":[{"href":"https:\/\/xn--tamara-sprgin-4ob.de\/home\/wp-json\/wp\/v2\/media?parent=48"}],"curies":[{"name":"wp","href":"https:\/\/api.w.org\/{rel}","templated":true}]}}